 the ten thousands digit of 3452521349?
2
What is the thousands digit of 1996485?
6
What is the ten thousands digit of 5917566?
1
What is the ten millions digit of 102383975?
0
What is the hundreds digit of 954225710?
7
What is the thousands digit of 4294657714?
7
What is the hundred millions digit of 261858706?
2
What is the tens digit of 19614440?
4
What is the units digit of 1766823?
3
What is the hundred millions digit of 193379633?
1
What is the hundred thousands digit of 34155819?
1
What is the tens digit of 767459200?
0
What is the billions digit of 1020679249?
1
What is the tens digit of 65117524?
2
What is the ten millions digit of 4335483308?
3
What is the tens digit of 4855450689?
8
What is the ten millions digit of 644912029?
4
What is the units digit of 7912138?
8
What is the ten millions digit of 347576231?
4
What is the hundred thousands digit of 33183098?
1
What is the ten millions digit of 34560243?
3
What is the millions digit of 1897002406?
7
What is the units digit of 143077788?
8
What is the millions digit of 108618418?
8
What is the ten millions digit of 28269445?
2
What is the thousands digit of 11592600?
2
What is the millions digit of 747563276?
7
What is the tens digit of 79433550?
5
What is the units digit of 2487374991?
1
What is the ten millions digit of 177187204?
7
What is the units digit of 46854797?
7
What is the units digit of 21836471?
1
What is the millions digit of 1519848124?
9
What is the tens digit of 740216539?
3
What is the hundred thousands digit of 172245479?
2
What is the millions digit of 129089075?
9
What is the thousands digit of 1745213537?
3
What is the tens digit of 169746946?
4
What is the tens digit of 32642916?
1
What is the hundred thousands digit of 221646889?
6
What is the tens digit of 102526324?
2
What is the hundred millions digit of 104365640?
1
What is the hundreds digit of 103572064?
0
What is the thousands digit of 84805350?
5
What is the tens digit of 177356289?
8
What is the hundred thousands digit of 51140683?
1
What is the thousands digit of 1300467653?
7
What is the ten thousands digit of 768401908?
0
What is the units digit of 175830214?
4
What is the hundreds digit of 1732067812?
8
What is the millions digit of 624390709?
4
What is the thousands digit of 2164940475?
0
What is the units digit of 281123824?
4
What is the units digit of 3943981334?
4
What is the hundred thousands digit of 54929010?
9
What is the ten thousands digit of 1799693910?
9
What is the thousands digit of 149075050?
5
What is the thousands digit of 84824254?
4
What is the ten thousands digit of 1571237223?
3
What is the hundred millions digit of 1656829944?
6
What is the units digit of 792870727?
7
What is the ten thousands digit of 401528012?
2
What is the units digit of 243907705?
5
What is the ten millions digit of 11158847?
1
What is the ten millions digit of 10606703?
1
What is the ten millions digit of 27388706?
2
What is the thousands digit of 580937159?
7
What is the ten millions digit of 904178559?
0
What is the millions digit of 9230194?
9
What is the millions digit of 367636525?
7
What is the ten millions digit of 330777211?
3
What is the ten thousands digit of 41462136?
6
What is the millions digit of 220811629?
0
What is the hundred thousands digit of 354732719?
7
What is the hundred thousands digit of 2708573175?
5
What is the tens digit of 9313728?
2
What is the tens digit of 33405943?
4
What is the ten thousands digit of 477824245?
2
What is the ten thousands digit of 95522664?
2
What is the millions digit of 33646659?
3
What is the ten millions digit of 70422439?
7
What is the millions digit of 68309684?
8
What is the millions digit of 209553600?
9
What is the thousands digit of 23117545?
7
What is the ten thousands digit of 10265568?
6
What is the thousands digit of 3592264306?
4
What is the ten thousands digit of 119503360?
0
What is the ten thousands digit of 49418539?
1
What is the billions digit of 1716647710?
1
What is the thousands digit of 26681663?
1
What is the ten millions digit of 56844971?
5
What is the units digit of 4048170675?
5
What is the hundreds digit of 1411036698?
6
What is the hundred thousands digit of 46045600?
0
What is the hundreds digit of 89277146?
1
What is the hundred thousands digit of 2880009465?
0
What is the hundreds digit of 134828682?
6
What is the hundred thousands digit of 8851054?
8
What is the hundreds digit of 308980478?
4
What is the ten thousands digit of 5550479?
5
What is the hundreds digit of 90721226?
2
What is the ten thousands digit of 330730449?
3
What is the ten millions digit of 248813200?
4
What is the hundred thousands digit of 12976651?
9
What is the hundred millions digit of 801966896?
8
What is the ten thousands digit of 16838509?
3
What is the hundred thousands digit of 3844437393?
4
What is the hundred thousands digit of 172722548?
7
What is the hundreds digit of 4436285482?
4
What is the hundred millions digit of 164700342?
1
What is the billions digit of 2662476460?
2
What is the hundreds digit of 1329795938?
9
What is the units digit of 72709432?
2
What is the tens digit of 95968388?
8
What is the millions digit of 270704978?
0
What is the tens digit of 392413042?
4
What is the hundreds digit of 642997355?
3
What is the tens digit of 114845307?
0
What is the hundred thousands digit of 4697452571?
4
What is the hundred thousands digit of 926290708?
2
What is the millions digit of 9529452?
9
What is the ten millions digit of 45707419?
4
What is the units digit of 1702704876?
6
What is the ten thousands digit of 21547488?
4
What is the ten thousands digit of 380897765?
9
What is the hundreds digit of 508750052?
0
What is the hundred millions digit of 1065441096?
0
What is the millions digit of 506403097?
6
What is the thousands digit of 967276209?
6
What is the ten thousands digit of 5939482681?
8
What is the hundreds digit of 158611743?
7
What is the thousands digit of 1816144708?
4
What is the hundred thousands digit of 61929719?
9
What is the tens digit of 65904189?
8
What is the millions digit of 18748684?
8
What is the hundreds digit of 135328156?
1
What is the ten millions digit of 19675169?
1
What is the tens digit of 23700572?
7
What is the tens digit of 16490140?
4
What is the tens digit of 484321875?
7
What is the tens digit of 76956811?
1
What is the hundreds digit of 1103392347?
3
What is the hundred millions digit of 1012694926?
0
What is the millions digit of 826566614?
6
What is the millions digit of 136096163?
6
What is the billions digit of 1735206492?
1
What is the hundred millions digit of 5395564083?
3
What is the hundreds digit of 58219799?
7
What is the millions digit of 676572242?
6
What is the thousands digit of 1314019456?
9
What is the hundreds digit of 123812307?
3
What is the ten millions digit of 652513766?
5
What is the hundred millions digit of 540408651?
5
What is the billions digit of 2100899945?
2
What is the units digit of 888459155?
5
What is the millions digit of 142775008?
2
What is the hundred thousands digit of 3734460592?
4
What is the thousands digit of 87460542?
0
What is the billions digit of 1851461569?
1
What is the hundreds digit of 186000480?
4
What is the hundred millions digit of 491442137?
4
What is the tens digit of 203178428?
2
What is the millions digit of 881105477?
1
What is the units digit of 7649026343?
3
What is the hundreds digit of 910914236?
2
What is the ten millions digit of 82021916?
8
What is the ten thousands digit of 1130456862?
5
What is the hundred thousands digit of 492803274?
8
What is the units digit of 67083271?
1
What is the hundred thousands digit of 810175960?
1
What is the millions digit of 338488029?
8
What is the hundreds digit of 79435779?
7
What is the hundreds digit of 635626452?
4
What is the hundred millions digit of 3430096466?
4
What is the ten millions digit of 71994131?
7
What is the units digit of 61490974?
4
What is the ten millions digit of 27457515?
2
What is the hundreds digit of 23264737?
7
What is the hundreds digit of 158913337?
3
What is the millions digit of 1157418993?
7
What is the ten millions digit of 2131105242?
3
What is the ten thousands digit of 4498709?
9
What is the thousands digit of 41682816?
2
What is the hundred